n factor of o and v?
42
Let q = 1 - -2. Suppose -2*h = -q*h + 16. Suppose 0 = 43*f - 29*f - 560. Calculate the highest common factor of h and f.
8
Suppose -10 = -5*w + q, -2*w + 21 = 4*q - q. Let y = -214 - -223. Suppose 3*u + 4 - y = g, -33 = -3*g - w*u. Calculate the highest common factor of g and 35.
7
Let x = 85 + -59. Let r be -7 + 5 + 0 - (2 - 17). Calculate the highest common divisor of r and x.
13
Let s = -365 - -425. Calculate the highest common factor of s and 45.
15
Let a = 476 - 196. What is the greatest common divisor of 80 and a?
40
Let a(r) = r**2 + r - 4*r - 2 - 7 - 7. Let w be a(7). Calculate the greatest common divisor of w and 4.
4
Let h = -101 + 53. Let w be 108/h*56/(-6). What is the highest common factor of w and 21?
21
Let f(w) = 23*w**2 + w. Suppose 8 = 4*t, t + 45 = 3*m + 11. Let u be 2/m + (-30)/(-36). Let s be f(u). Calculate the greatest common factor of 6 and s.
6
Suppose -2*k + w + 10 = 3*k, -5*w - 6 = -3*k. What is the greatest common factor of k and 4?
2
Let f(l) = -l**3 + 10*l**2 + l + 5. Let r be f(10). Suppose r + 8 = c. Suppose 9 = -a + c. What is the highest common factor of 28 and a?
14
Suppose 37 = -17*p + 1125. Calculate the highest common factor of 112 and p.
16
Let z be 8/6*(-54)/(-4). Let j be 275/10 + 17/(-34). What is the greatest common divisor of j and z?
9
Suppose -4*s + 35 = -2*s + 5*x, 5*x + 15 = 3*s. Let a = s - -18. Calculate the highest common divisor of 4 and a.
4
Let h(s) = 7*s**3 - 14*s**2 + 15*s + 12. Let p be h(5). What is the greatest common factor of p and 36?
36
Suppose 4*b - 8 = -5*l + 227, 4*l = -4*b + 232. Let m = b + -34. Calculate the highest common divisor of 3 and m.
3
Let h = -35 - -25. Let o be (-15)/h - 4/8. Let k = -1 - -2. What is the highest common divisor of k and o?
1
Let v = -195 + 229. Let g(f) = f**2 + 3*f - 2. Let p be g(7). What is the greatest common factor of p and v?
34
Suppose 0 = 17*k - 14*k - 15. What is the greatest common divisor of 75 and k?
5
Suppose r + 9*r - 650 = 0. Let h = r - 23. Calculate the highest common divisor of 7 and h.
7
Let i be (7560/392)/((-6)/(-28)). What is the highest common divisor of 630 and i?
90
Let x be -2*3/((-12)/80). What is the highest common divisor of x and 5?
5
Suppose k - 47 = 4*c + 218, c + 55 = 4*k. Let m = -41 - c. What is the greatest common factor of 26 and m?
26
Suppose -946*z - 288 = -949*z. What is the greatest common factor of z and 228?
12
Suppose -p + z = -6*p + 397, 77 = p + z. What is the highest common factor of 20 and p?
20
Let w be 2/(-10) - 61/(-5). Suppose -160 = -2*h + 5*r, -r + 115 + 91 = 3*h. Suppose 5*l - 80 = h. Calculate the greatest common divisor of w and l.
6
Suppose -2*q - 17*q + 1539 = 0. What is the highest common divisor of q and 54?
27
Suppose -4*n - 108 = -220. Calculate the highest common divisor of 70 and n.
14
Let k(v) = -v**2 + 10*v - 17. Let p be k(4). Let j(f) = 3*f**2 - 16*f + 13. Let g be j(p). Calculate the highest common divisor of g and 12.
12
Suppose 2879 - 2087 = 11*j. Calculate the greatest common divisor of j and 192.
24
Suppose 1276 = 4*a + 4*h, -a - 3*h + 258 + 55 = 0. Calculate the highest common factor of 138 and a.
46
Suppose 0 = -c + u + 373, -c = -4*u - 515 + 148. Calculate the highest common divisor of c and 30.
15
Suppose 4*h - 39 = -13*t + 18*t, -5*h + 54 = -t. Let d(w) = -w**3 + 7*w**2 - 3*w - 7. Let g be d(6). Calculate the greatest common factor of g and h.
11
Let i be (12 - 10)*(-30)/4. Let z be (-15)/25*1*i. Let k = z + 31. What is the greatest common divisor of k and 60?
20
Suppose 2*o = -5*o + 14. Suppose -2*x + 5*q + 1 = -106, o*x - 109 = 3*q. Calculate the greatest common factor of 7 and x.
7
Suppose 7*g + 8 = 12*g + 3*j, 0 = -g + 4*j + 20. What is the highest common divisor of 108 and g?
4
Suppose -2*x = -a - 12, -2*x + 2*a + 0*a = -12. Let b = -883 + 898. What is the greatest common factor of x and b?
3
Suppose 2*d + 11 = 15. Suppose 2*s + d*y = 20, s + 0*y - 3*y = -10. What is the greatest common factor of s and 40?
5
Let v(p) = 4 + 0 - p**2 + 15 + p**3. Let t be v(0). Let c = -18 + t. What is the highest common divisor of c and 9?
1
Let g = -16 - -58. Calculate the greatest common divisor of 14 and g.
14
Suppose -4*l = 2*t - 15 - 107, -128 = -4*l + 4*t. What is the greatest common factor of l and 279?
31
Let z = 2 - -7. Let o = z - 6. Suppose 4*l - 3*g + 0*g = 28, -5*g = -o*l + 21. Calculate the greatest common divisor of 77 and l.
7
Let u be 13 - 3/(9/(-6)). Suppose 0 = -4*z + 3*t - 0 - 3, -5*z - t = 18. Let k be (0 - 3)*5/z. What is the greatest common factor of u and k?
5
Let q(j) = -j**2 - 9*j - 2. Let w be q(-7). Let u = 1505 - 1493. What is the highest common divisor of w and u?
12
Let k(q) = -2*q**2 - 16*q + 12. Let s be k(-8). What is the greatest common divisor of s and 84?
12
Let c = 483 + -459. Calculate the highest common factor of 36 and c.
12
Let a = 206 - 183. Calculate the greatest common factor of 2 and a.
1
Suppose 6*d = -7*d + 65. Calculate the greatest common factor of d and 7.
1
Let o(a) = -a**3 + 4*a**2 + 6*a + 1. Let q be o(5). Let u be 2/q*57 - 3. Calculate the highest common factor of 16 and u.
16
Suppose 0 = -4*h - 2*i + 6, 0 = -9*h + 7*h + 3*i + 7. Let b be (5 - 2) + 58/h. Calculate the highest common factor of 40 and b.
8
Suppose 8*a = 3*a + 15. Suppose -a*q + 84 = -42. Let i = 129 + -24. Calculate the highest common divisor of i and q.
21
Suppose -4*h = 5*c - 28, 0 = 5*c - 4*c + 5*h + 7. Calculate the highest common divisor of c and 152.
8
Suppose -4769 + 395 = -6*u. Calculate the highest common factor of 135 and u.
27
Let s = -17 - -34. Suppose -322 = -4*f + 2*b + 8, 5*b = 2*f - 145. What is the greatest common factor of f and s?
17
Suppose 11*n + 580 = 1702. What is the greatest common factor of n and 646?
34
Let o = 280 - 216. What is the highest common factor of o and 24?
8
Let z = 31 + -28. Suppose 7*f - 460 = -z*f. Let b(g) = -8*g**3 - 2*g + 1. Let i be b(-2). Calculate the highest common factor of f and i.
23
Let o = 858 + -820. What is the highest common factor of o and 418?
38
Suppose 23*f = 1656 + 230. What is the highest common divisor of f and 164?
82
Suppose -22 = -p + 4*b, -4*p + 6*p + 1 = -b. Suppose -5*v + 6 = -p*v. Suppose -j - 2*g = -0*g - 5, -v = g. Calculate the greatest common divisor of j and 45.
9
Suppose 9*h - 13*h + 40 = 0. Suppose h = 4*a - 10. Suppose -a*x = 3*v - 0*v - 122, -v - x = -40. Calculate the highest common divisor of v and 26.
13
Let r be (-41)/(-1) - (-15 - (2 - 10)). What is the greatest common divisor of r and 1032?
24
Let y be 78/(-663) - 257/(-17). What is the greatest common factor of 2145 and y?
15
Suppose -q + 3*q + 166 = 2*h, -5*h + 411 = -3*q. What is the greatest common factor of h and 1?
1
Suppose 0 = 3*r - 3*q - 159, 3*r - 126 = -5*q + 33. Let c = -38 + r. Calculate the highest common divisor of 120 and c.
15
Suppose 110*s + 3944 = 342*s. Suppose 5*j + 361 = 121. Let w = -31 - j. What is the highest common divisor of s and w?
17
Let j(n) = -n**2 + 16*n + 19. Let q be j(17). What is the highest common divisor of 54 and q?
2
Let c(y) = -2*y**3 - 25*y**2 - 10*y + 30. Let m be c(-12). Calculate the greatest common divisor of 10 and m.
2
Suppose 0 = z - 2*z - 8. Let v(q) = q**2 + 7*q - 5. Let k be v(z). Let s be (3 - -1) + -2 + 1. Calculate the highest common divisor of s and k.
3
Let a = -559 + 580. Let b be 21*2/(0 - -2). Calculate the highest common factor of b and a.
21
Let s = 142 + -60. Suppose q + 4*q + s = l, -3*l + 3*q + 222 = 0. Suppose 2*k = 5*k - l. Calculate the highest common divisor of 72 and k.
24
Suppose -131 + 11 = -6*v. Suppose 0*s + v = -s. Let o = 29 + s. What is the highest common factor of o and 72?
9
Suppose -2*q - 5*c = -8*c - 18, -4*c = 0. Let m be 7 + ((-2)/1)/(-1). What is the highest common factor of q and m?
9
Let v(k) be the second derivative of -11*k**3/2 - 11*k**2/2 - 4*k. Let t be v(-4). What is the highest common divisor of 11 and t?
11
Suppose -27*p = -25*p. Suppose p = 4*n - 13*n + 54. Calculate the highest common factor of n and 6.
6
Let n(v) = v**2 - 6*v + 2. Let g be n(8). Let p = g + -12. Suppose -7*o + 13 = -p*o. Calculate the greatest common divisor of 104 and o.
13
Suppose 0 = v - 5*v + 144. Suppose -3*y - v = -9*y. What is the hi